ne z(i).
-17
Suppose -63*l + 114 = 61*l - 162*l. Let a(f) = 3*f**3 - 5*f - 1. Calculate a(l).
-67
Let o(v) = 4*v**2 - 17*v**3 - 1 - 3*v**2 + 7*v**3. Let y(c) = -134*c + 269. Let f be y(2). Calculate o(f).
-10
Let p(c) = c**2 + 3*c - 45. Let l be p(-8). Let n(z) be the first derivative of -z**3/6 - z + 2. Let b(r) be the first derivative of n(r). Give b(l).
5
Let f(p) = -4*p - 30. Let l be -1 + (5 - 16/4). Let n be f(l). Let b be (-2 + 0/(-1))*n/(-12). Let s(d) = -d - 5. Determine s(b).
0
Let r(b) = -b**3 - 7*b**2 + 2*b - 9. Let x(k) = -6*k**3 - 7*k**2 + 7*k**3 + 13*k + 17 - 11*k. Let y be x(6). Determine r(y).
-23
Suppose -l - 6 = -3*l, 2*o - 34 = 4*l. Suppose 0 = -6*g + 13 + o. Let i(y) = -y - 1. Let r(m) = 4*m + 8. Let b(t) = 5*i(t) + r(t). Calculate b(g).
-3
Let x(m) = -7*m - 3. Let w = 234 + -169. Let y = w - 67. Determine x(y).
11
Let m(s) = -5*s + 49. Let o(p) = -6*p + 52. Let c(a) = 5*m(a) - 4*o(a). Determine c(32).
5
Suppose -3*j - 3*s + 24 = 0, -j + 0 = -s + 2. Let u(x) = 1 - 11*x - 11*x - 5 - 13*x + 38*x - 2. Determine u(j).
3
Let g(n) = n**3 - 17*n**2 + 2*n - 32. Let d be g(17). Let t(f) = -3*f**2 - 5*f + 9*f**2 + 0*f - 3*f**2 - d. Let z be t(-1). Let k(m) = -2*m - 2. Give k(z).
-14
Let x(c) = 6*c - 97. Suppose -86*p = -522 - 940. Calculate x(p).
5
Let d(z) = 7*z**2 + 20*z - 30. Let q(s) = 4*s**2 + 10*s - 15. Let y(a) = 3*d(a) - 5*q(a). Suppose 74*t - 144 + 958 = 0. Determine y(t).
-4
Let g(h) = -10*h - 3. Let s be 7/(-6)*(-11)/((-22)/(-12)) + -6. Give g(s).
-13
Let x(h) = -8*h**2 - 15*h - 9. Let r(u) = 9*u**2 + 17*u + 10. Let s(w) = -5*r(w) - 6*x(w). Let p = -89 - -86. Give s(p).
16
Let x(p) = -p - p + 2 + p. Suppose -24*z + 868 = 772. Give x(z).
-2
Suppose -4*z + 2*z = -4. Let m(d) = -2*d**2 + 2. Let o be m(z). Let p(v) be the second derivative of v**3/6 + 3*v**2 - 4378*v - 2. Calculate p(o).
0
Let n(v) = -v**3 + 4*v**2 - 3*v - 2. Suppose 0 = 42*o - 40*o - 18. Suppose 6*y - o - 15 = 0. Determine n(y).
-14
Suppose 70*x - 76 = -52 + 186. Let n(f) = f**3 + 3*f**2 - 6*f + 3. What is n(x)?
39
Let x = -992 + 979. Let c(f) = -f**3 - 13*f**2 + 4*f + 11. Calculate c(x).
-41
Suppose x - 3*c + 3 = 0, 0 = x + 25*c - 26*c + 1. Let b = -56 + 59. Let h(y) = -y - 67*y**3 + 130*y**3 - 64*y**b + 3. Determine h(x).
3
Let a(r) = r**3 + 15*r**2 - r + 67. Let n(g) = -2*g**3 - 25*g**2 + g - 135. Let x(k) = 5*a(k) + 3*n(k). Determine x(0).
-70
Let f(p) = 4*p**3 + 2*p**2 - p - 2. Let y(g) = -25*g**3 - 19*g**2 + 7*g + 21. Let m(a) = 6*f(a) + y(a). Let i = -3 - 4. Determine m(i).
2
Let t(q) be the first derivative of 12*q + 3/2*q**2 + 6. Let h = -1260 + 1254. Give t(h).
-6
Let b = -693 + 695. Let j(s) = -10072*s + s**2 - 1 - b + 10058*s. Give j(13).
-16
Let g = 68 - 63. Suppose -g*l + 11 = -0*j + 4*j, -3*j + 15 = -3*l. Let r(n) = 63 - 63 - 6*n. Calculate r(l).
6
Let t(f) = 3*f**2 - f - 1. Suppose -5*a - 3*a = 40. Let w(u) = 4*u**2 - 2*u - 1. Let v(o) = a*t(o) + 4*w(o). Determine v(4).
5
Let i be (-3)/(1*(-6)/(-16)). Let z(v) = 0*v + 9*v + v**3 - 27*v**2 - 9 - 37*v**2 + 73*v**2. Calculate z(i).
-17
Let j(i) = -2*i - 5. Let u = 49 - 45. Let r(p) = 1. Let t(c) = 3*c + 10. Let w(n) = u*r(n) - t(n). Let f(d) = -5*j(d) + 4*w(d). Calculate f(4).
-7
Let o(x) = -4*x + 125. Let v(n) = 5*n - 110. Let p(t) = 5*o(t) + 6*v(t). Calculate p(10).
65
Let k(a) = -14*a**2 - 5*a + 128. Let o(p) = -3*p**2 - p + 32. Let y(f) = 2*k(f) - 9*o(f). Calculate y(0).
-32
Let r(t) be the first derivative of t**4/4 + 2*t**3/3 - 21*t**2/2 + 15*t - 2483. Determine r(-6).
-3
Let z be 1 + 6 + -3 + -2. Suppose -5*r - k - 41 = -z*k, 4*r - 4*k = -36. Let c(i) = -i**3 - 8*i**2 - i - 8. What is c(r)?
0
Suppose -2*y + 42 + 0 = 0. Suppose y + 27 = -6*f. Let u(g) = -g**2 - 7*g - 2. Give u(f).
-10
Let q(d) = -6*d**3 - 2*d - 5. Let l(w) = -5*w**3 - 3*w - 6. Let s(c) = -4*l(c) + 5*q(c). Let v(z) = z**2 + 11*z - 671. Let r be v(-32). Calculate s(r).
-9
Let u(h) be the third derivative of h**6/720 - h**5/24 - 7*h**4/3 - 89*h**2. Let a(y) be the second derivative of u(y). Determine a(5).
0
Let f(j) be the third derivative of -j**6/360 - j**5/10 - j**4/3 - 145*j**3/6 + 2*j**2 - 4. Let l(z) be the first derivative of f(z). Give l(-10).
12
Let z(o) be the second derivative of 7*o**5/60 + o**4/8 + o**3/3 + 86*o**2 - 124*o. Let a(f) be the first derivative of z(f). Give a(-1).
6
Let z(f) be the first derivative of -7*f**3 - f**2/2 - 8*f - 1005. What is z(-2)?
-90
Let j(y) = -7 - 3 + 0 + 9 + 61*y - 60*y. Give j(-3).
-4
Let y(m) be the second derivative of -m**4/12 + 4*m**3/3 + 9*m**2/2 + 3*m + 1. Let w(p) = -p**2 + 3*p + 35. Let v be w(-4). What is y(v)?
16
Suppose -2*s + 0*s = -4. Let q be (-96)/(-44) - (9/(-11) + 1). Let h(a) = -2*a - 1 - a**3 + 0 + 23*a**2 - 20*a**q. What is h(s)?
-1
Let c(k) = k**2 + 8*k + 12. Suppose 0 = 457*z - 455*z + 5*i + 30, z = 4*i - 2. Calculate c(z).
32
Let o = -16677 - -16668. Let m(w) = 137*w + 1231. What is m(o)?
-2
Let i(j) = -8*j + 19. Let c(s) = -63*s + 153. Let y(z) = 5*c(z) - 39*i(z). What is y(11)?
-9
Let l(h) = 4*h. Let i(r) = 11*r + 1. Let j(s) = 6*i(s) - 17*l(s). Let w(z) = z**3 + 23*z**2 + 2*z + 50. Let g be w(-23). Determine j(g).
-2
Let s(q) = q**3 + q - 3. Suppose 5*w + 21 = 12*w. Let k = 12 + -10. Suppose -2*t + k = -2*z, 0 = -4*z + 3*t - 6*t + w. Determine s(z).
-3
Let w(d) = -d**3 + 9*d**2 + 10*d - 3. Let r be w(10). Let b(x) = -4 + 5 - 3*x**3 + 5*x**3 + 2*x + 5*x**2 - 3*x. Let l be b(r). Let t(n) = n + 6. What is t(l)?
1
Let x(k) = -2*k + 4. Let f(m) = -4*m**2 - 6*m - 69. Let p be f(-6). Let s = -174 - p. Give x(s).
-2
Let f = 7 + -5. Let j = -89 + 89. Let x(o) = -f*o + j - 2*o + 6*o + 2. Calculate x(-6).
-10
Let x = -9405 + 9401. Let s(c) = -6*c**2 + 0*c**2 + 0*c**2 + c**2 - 2*c - c**3. Calculate s(x).
-8
Let a(n) = -n**3 + 4*n**2 + 34*n + 9. Let w be a(-4). Let c(r) = -6*r**3 - 3*r**2 - 6*r + 7. Let j be c(w). Let v(t) = t**2 + 7*t + 1. Give v(j).
9
Let k(j) = -40 + j**3 + 83 - 3*j + 113 - 11*j**2 - 11*j. Calculate k(11).
2
Let s(u) = -u - 15. Let l(g) = g - 2. Let i(a) = -l(a) + s(a). Let r be 34/(-2) + 4 + -3. Let t = r + 7. Determine i(t).
5
Suppose 5 = k - 4*t, -4*k - 2*t + 4*t = -20. Let g(r) = 4*r + 2*r**2 - 6 - 2 + 7 - 17*r**3 + 38*r**3 - 8*r**2 - 20*r**3. Determine g(k).
-6
Let j(i) be the third derivative of 0*i**3 - 1/24*i**4 + 0*i + 19*i**2 + 1/15*i**5 + 4. Let s = -5 + 4. Give j(s).
5
Let s(y) = -10*y - 22. Let w be s(-2). Let m(j) be the first derivative of -7*j**4/24 + 2*j**2 - 8. Let t(a) be the second derivative of m(a). Calculate t(w).
14
Let k(f) = 5*f - 36. Suppose 34 = 2*d + 22. Let r be k(d). Let m(l) = l**2 + 9*l + 4. Determine m(r).
-14
Suppose -2 = -o - 5. Let p be (8/3 - 3)/(o/(-45)). Let b(t) = -2*t**2 + 4*t - 1. Let m(h) = -3*h**2 + 7*h - 2. Let a(n) = p*b(n) + 3*m(n). What is a(-2)?
1
Let j = 200 + -204. Let i be 7 - -4*12/(-16) - j. Let u(z) be the third derivative of -z**6/120 + 2*z**5/15 - z**4/8 + 4*z**3/3 - z**2. Calculate u(i).
-16
Let k = -159 - -99. Let z be 12/10*k/(-24). Let d(a) = -a**2 + 2 - z + 0 + 2 - 5*a. Give d(-7).
-13
Let i(m) = m**2 - 5*m + 3. Let w be i(5). Suppose f + f = -8, u = f + w. Let l(r) = -30*r**3 - r**2 + r + 1. Calculate l(u).
29
Let c(p) be the second derivative of -p**4/12 - 7*p**2 - 4823*p. Calculate c(0).
-14
Let m(n) = 2*n**2 + 7*n - 13. Let v(w) = w**2 + 3*w - 7. Let k(b) = 3*m(b) - 5*v(b). Let z = 936 - 943. Determine k(z).
3
Let m(f) = -9*f**3 - 11*f**2 - 33*f - 35. Let g(s) = 2*s**3 + 3*s**2 + 8*s + 9. Let v(p) = 13*g(p) + 3*m(p). Give v(7).
-2
Let i(k) = -4 - k**2 + 3*k - 2*k + 2*k**2. Let l be 16/(-6)*(6/39 - 280/(-208)). Determine i(l).
8
Let p(l) be the second derivative of 1/12*l**4 + 4/3*l**3 + 0 - 17*l - 5/2*l**2. Determine p(-8).
-5
Suppose -4*b - 1 = -f, -2*f - 1125*b = -1130*b - 5. Let o(p) = -p**3 + 8*p**2 - 4*p. What is o(f)?
55
Let o(w) = -6*w + 34. Let d(z) = 387*z - 3471. Let b be d(9). Determine o(b).
-38
Let y = 11 + -34. Let z = 27 + y. Let g(j) = 3*j - 187 - z*j + 187. Determine g(-5).
5
Let j(b) = 15*b**2 - 4*b - 11. Let i(c) = 15*c**2 - 4*c - 11. Let k(q) = 2*i(q) - 3*j(q). Let x(h) = h**2 - h - 2. Let z(v) = -k(v) - 6*x(v). Calculate z(-1).
8
Let y(i) = i**2 + 11*i + 22. Suppose 3*t + 2*p = -52, 0 = 8*p - 7*p + 5. What is y(t)?
64
Let r(n) = 7*n**3 - 8*n**2 + 2. Let h